f 125965712?
2
What is the hundreds digit of 2840924873?
8
What is the units digit of 6067523713?
3
What is the millions digit of 69715141?
9
What is the units digit of 74001383?
3
What is the units digit of 1531083812?
2
What is the ten millions digit of 834917945?
3
What is the thousands digit of 425775954?
5
What is the tens digit of 4619633730?
3
What is the hundred thousands digit of 7723870654?
8
What is the millions digit of 1452567538?
2
What is the units digit of 143360953?
3
What is the ten thousands digit of 85659571?
5
What is the hundred thousands digit of 162301025?
3
What is the ten thousands digit of 1098108922?
0
What is the hundreds digit of 29945798?
7
What is the units digit of 24917049?
9
What is the units digit of 51006425?
5
What is the tens digit of 358317407?
0
What is the tens digit of 4171841165?
6
What is the units digit of 41667497?
7
What is the thousands digit of 285941121?
1
What is the hundred thousands digit of 1718371315?
3
What is the millions digit of 227530110?
7
What is the hundred thousands digit of 804655596?
6
What is the millions digit of 5510012966?
0
What is the ten millions digit of 7176877193?
7
What is the ten millions digit of 121316966?
2
What is the thousands digit of 3639756654?
6
What is the hundreds digit of 26746674?
6
What is the ten millions digit of 84623708?
8
What is the thousands digit of 93131706?
1
What is the billions digit of 2849377803?
2
What is the hundred thousands digit of 1572187483?
1
What is the tens digit of 209474949?
4
What is the thousands digit of 116204535?
4
What is the hundreds digit of 25404336?
3
What is the ten thousands digit of 233738918?
3
What is the tens digit of 60725104?
0
What is the hundred millions digit of 9265408808?
2
What is the millions digit of 204133775?
4
What is the ten thousands digit of 226715905?
1
What is the thousands digit of 1878721446?
1
What is the hundreds digit of 37958971?
9
What is the units digit of 277581250?
0
What is the ten millions digit of 33661640?
3
What is the ten millions digit of 3937334228?
3
What is the millions digit of 1053480725?
3
What is the millions digit of 710807250?
0
What is the tens digit of 315550821?
2
What is the units digit of 1418535831?
1
What is the thousands digit of 1363715286?
5
What is the ten thousands digit of 62434999?
3
What is the hundred millions digit of 768548695?
7
What is the millions digit of 674085816?
4
What is the millions digit of 138438403?
8
What is the billions digit of 1999618143?
1
What is the thousands digit of 1008876894?
6
What is the thousands digit of 112189226?
9
What is the millions digit of 231697188?
1
What is the thousands digit of 264540211?
0
What is the millions digit of 275258496?
5
What is the hundred thousands digit of 1495835829?
8
What is the hundred thousands digit of 1966290342?
2
What is the ten thousands digit of 10715493?
1
What is the hundred millions digit of 1673560422?
6
What is the units digit of 594644341?
1
What is the ten thousands digit of 12722978?
2
What is the millions digit of 494632714?
4
What is the hundred thousands digit of 1280274600?
2
What is the ten millions digit of 7033470187?
3
What is the ten thousands digit of 15679949?
7
What is the ten thousands digit of 68931183?
3
What is the thousands digit of 464847298?
7
What is the units digit of 2112061585?
5
What is the hundreds digit of 295668915?
9
What is the millions digit of 1433389363?
3
What is the hundreds digit of 184209666?
6
What is the hundreds digit of 1465485081?
0
What is the tens digit of 42954173?
7
What is the millions digit of 1949110262?
9
What is the ten millions digit of 902070220?
0
What is the hundred thousands digit of 43090486?
0
What is the ten thousands digit of 78557992?
5
What is the thousands digit of 1903936336?
6
What is the ten thousands digit of 742619766?
1
What is the units digit of 224525472?
2
What is the ten thousands digit of 188571972?
7
What is the tens digit of 6405709199?
9
What is the hundreds digit of 38279507?
5
What is the tens digit of 4337873?
7
What is the thousands digit of 3368739181?
9
What is the thousands digit of 126442052?
2
What is the hundreds digit of 600771057?
0
What is the thousands digit of 1646394493?
4
What is the ten millions digit of 337729978?
3
What is the units digit of 187043940?
0
What is the tens digit of 103498334?
3
What is the hundred thousands digit of 276877237?
8
What is the millions digit of 4416180538?
6
What is the tens digit of 77283649?
4
What is the tens digit of 469568050?
5
What is the units digit of 2791121490?
0
What is the millions digit of 691503876?
1
What is the billions digit of 7415176350?
7
What is the hundred thousands digit of 1959823277?
8
What is the millions digit of 182055833?
2
What is the ten millions digit of 2886774491?
8
What is the hundred thousands digit of 1400791875?
7
What is the hundred thousands digit of 283846881?
8
What is the ten thousands digit of 1262216302?
1
What is the ten thousands digit of 408788244?
8
What is the hundred thousands digit of 100725863?
7
What is the hundreds digit of 51748136?
1
What is the millions digit of 821808747?
1
What is the hundreds digit of 238381623?
6
What is the ten millions digit of 401029538?
0
What is the ten thousands digit of 843370202?
7
What is the ten millions digit of 287892397?
8
What is the hundred thousands digit of 191248004?
2
What is the ten millions digit of 1512088386?
1
What is the hundreds digit of 32219088?
0
What is the units digit of 151692729?
9
What is the tens digit of 373041681?
8
What is the hundreds digit of 536094158?
1
What is the hundreds digit of 237500831?
8
What is the thousands digit of 236041407?
1
What is the ten millions digit of 892571348?
9
What is the hundred thousands digit of 56902491?
9
What is the tens digit of 109292915?
1
What is the hundreds digit of 39095108?
1
What is the ten millions digit of 1668175967?
6
What is the hundreds digit of 1129750107?
1
What is the units digit of 7943286?
6
What is the units digit of 29288168?
8
What is the thousands digit of 1682612720?
2
What is the ten millions digit of 666337280?
6
What is the millions digit of 7817012715?
7
What is the thousands digit of 242634254?
4
What is the units digit of 2705186838?
8
What is the thousands digit of 96571877?
1
What is the hundreds digit of 27696962?
9
What is the millions digit of 450788866?
0
What is the ten thousands digit of 951582815?
8
What is the millions digit of 768746094?
8
What is the units digit of 2312172182?
2
What is the ten thousands digit of 145410618?
1
What is the ten millions digit of 2549605722?
4
What is the hundred thousands digit of 39399402?
3
What is the ten millions digit of 556205267?
5
What is the millions digit of 7105466?
7
What is the ten thousands digit of 109955015?
5
What is the tens digit of 32142923?
2
What is the ten thousands digit of 270672538?
7
What is the thousands digit of 680141693?
1
What is the billions digit of 4375556893?
4
What is the thousands digit of 107409177?
9
What is the ten thousands digit of 120254298?
5
What is the ten thousands digit of 56771966?
7
What is the tens digit of 474985309?
0
What is the billions digit of 4465511395?
4
What is the ten thousands digit of 1078856138?
5
What is the units digit of 44417486?
6
What is the tens digit of 59385747?
4
What is the hundred thousands digit of 47311495?
3
What is the hundred thousands digit of 275862727?
8
What is the thousands digit of 339371081?
1
What is the thousands digit of 2001799112?
9
What is the millions digit of 136501891?
6
What is the thousands digit of 19531135?
1
What is the tens digit of 1251218928?
2
What is the ten millions digit of 57271483?
5
What is the units digit of 33325750?
0
What is the thousands digit of 711157098?
7
What is the hundreds digit of 928309330?
3
What is the hundred thousands digit of 436860706?
8
What is the hundred thousands digit of 29666054?
6
What is the hundreds digit of 940415056?
0
What is the hundred millions digit of 515304713?
5
What is the tens digit of 31722782?
8
What is the thousands digit of 5343926?
3
What is the ten thousands digit of 27558967?
5
What is the hundreds digit of 5961601951?
9
What is the ten millions digit of 39299666?
3
Wha